se 9 = 2*p + 1. Suppose 3*x = b - 34, p*x + 31 = b - 0*x. List the prime factors of b.
43
Suppose 4*d + d + 205 = 5*v, 5*v + 2*d = 191. What are the prime factors of v?
3, 13
Let h be 1 + (-3)/1 + 5. Suppose 36 = h*w + 3. Let o(y) = -y**2 + 11*y + 4. List the prime factors of o(w).
2
Let r = -197 + 324. What are the prime factors of r?
127
Let u(v) = v**3 + 1. What are the prime factors of u(2)?
3
Suppose -1 = -r - 3. Let n be (-1)/2 - 5/r. Suppose 2*q = -6*c + n*c + 8, -2*q + 2*c = -26. What are the prime factors of q?
2, 5
Suppose 0 = -4*h + 6*h - 82. Suppose 4*k = 5*x - x + 80, 3*x + h = 2*k. List the prime factors of k.
19
Let p(v) = -v**2 - 5*v + 4. Let u be p(-5). Let d(x) = 7*x - 3. What are the prime factors of d(u)?
5
Suppose y + y = 0. Suppose -2*f - f + 12 = y. Suppose -1 = r + f*s - 4, 0 = -2*r + 2*s + 6. List the prime factors of r.
3
Let v(l) = l**2 - 4*l + 7. Let w(i) = 12*i - 2*i**2 - 1 - 3*i - 12. Let j(m) = -5*v(m) - 3*w(m). List the prime factors of j(8).
2, 3
Suppose y - 125 = -2*y + 2*x, -3*y + 4*x = -115. List the prime factors of y.
3, 5
Let n = -68 + 14. Let v = -34 - n. List the prime factors of v.
2, 5
Let o(v) = 11*v + 3*v**3 + 0*v**3 + 2 - 4*v**3 - 5*v**2 - v**2. List the prime factors of o(-8).
2, 3, 7
Let l(j) be the third derivative of j**4/24 + j**3/3 - j**2. Suppose 0 = 3*a - 9 - 12. What are the prime factors of l(a)?
3
Let y(a) = 15 - 2*a + 0*a + 3*a. Suppose 4*c = l + 5, -4*c + l - 15 = 4*l. What are the prime factors of y(c)?
3, 5
Suppose 3*f - 4*x - 32 = 0, 0*f + 4*x + 20 = 2*f. Suppose 6 + f = 3*v. What are the prime factors of (-20)/(-3) - (-2)/v?
7
Suppose 3*d - 3*f = f - 22, 5*d + 18 = 2*f. Let a(b) = -6*b**3 - 2*b**2 + b. List the prime factors of a(d).
2, 19
Let z(o) = -o**2 + o + 30. Let s be z(0). Suppose -2*n = -5*n + s. List the prime factors of n.
2, 5
Let c(b) = b**2 - 6*b - 2. Let h(u) = -2*u**2 + 13*u + 3. Let n(g) = -7*c(g) - 4*h(g). Let p(w) be the first derivative of n(w). List the prime factors of p(8).
2, 3
List the prime factors of 117*(-4 - -5) - 4.
113
Let q(c) = 107*c - 3. List the prime factors of q(1).
2, 13
Let a = 13 - 36. Let v = a - -33. List the prime factors of v.
2, 5
Suppose 7*x = 2*x + 10, 3*t - x - 577 = 0. What are the prime factors of t?
193
Let w(a) = -2*a**2 + 2*a + 3. Let z be w(-5). Let k = z + 81. Suppose 6*l - 2*l - 3*n - k = 0, 3*l - 2*n = 18. List the prime factors of l.
2, 3
Suppose q + 3*q = 2*y + 108, -2*y = 2*q - 66. List the prime factors of q.
29
Suppose 0 = d - 3*n + 3, 7*d - 4*n = 2*d + 18. What are the prime factors of d?
2, 3
Let y(v) = v**3 - 2*v**2 - 5*v + 3. Suppose -l - 4*m + 21 = 2*l, 2*l - 18 = -4*m. Let n be y(l). List the prime factors of ((-8)/(-10))/(n/(-15)).
2
Suppose 4 = -3*d + 31. List the prime factors of d.
3
Let g be (-3)/4 + (-42)/8. Let n = 9 + g. Let w(v) = -v**3 + 2*v**2 + 5*v - 2. What are the prime factors of w(n)?
2
Let f(b) = 48*b**2 + b. Let k be f(-1). Suppose -8 + k = 2*u - 3*t, -3*u - t + 53 = 0. What are the prime factors of u?
2, 3
Let h(c) = -9*c + 36. What are the prime factors of h(-9)?
3, 13
Let c(y) be the second derivative of -3*y**3 - y**2/2 - y. List the prime factors of c(-2).
5, 7
Let h(g) = g. Let o be h(3). Suppose o*c + 13 = 49. What are the prime factors of c?
2, 3
Suppose 5*w = 2*u + 45, -40 - 90 = 3*u + 5*w. Let b be (12/3)/((-2)/4). What are the prime factors of b/(-10)*u/(-2)?
2, 7
What are the prime factors of -3 - (-1891)/8 - 6/16?
233
Suppose 3*p = -0*p + 72. Suppose 4*h = -0*h - p. What are the prime factors of 163/11 + h/(-33)?
3, 5
Let b be ((-4)/(-1))/(1 - -1). Suppose 6*c = b*c. Suppose -3*p = -o - 21, c*p + 3*o - 14 = -2*p. What are the prime factors of p?
7
What are the prime factors of 106/10 - 10/(-25)?
11
Let h(o) = -34*o - 24. What are the prime factors of h(-4)?
2, 7
Suppose 2*o - 6 = -4. What are the prime factors of -1 + 13 + o - 3?
2, 5
Suppose 2*m + n + n = -4, 5*m + n = -2. Suppose -2*t = -v - 25, m = -2*t + v - 4*v + 21. List the prime factors of t.
2, 3
Suppose -2*i - 63 = k - 436, -3*i - 5*k + 556 = 0. List the prime factors of i.
11, 17
Let h = 139 - 97. List the prime factors of h.
2, 3, 7
Suppose -2*x - 3*d + 8*d = -60, 5*x - 4*d = 116. Let h = x - 16. List the prime factors of h.
2
Suppose 2 = -2*u, 1286 = 5*o - 2*u + 344. What are the prime factors of o?
2, 47
List the prime factors of 38 + -1 + 15/(-5).
2, 17
Let y(f) = f**3 - 20*f**2 + 2*f + 7. What are the prime factors of y(20)?
47
Suppose 5*w - 160 = -5*p, 5*w - 2*w - 30 = -p. List the prime factors of p.
3, 11
Let o(j) = -5*j - 6. Let u be o(-6). Suppose 0 = 3*l - 15 - u. What are the prime factors of (-2)/l + (-236)/(-13)?
2, 3
Let o(k) = k**2 + 7*k + 12. List the prime factors of o(-7).
2, 3
Let z be 2/9 - 68/(-18). Let q(v) be the third derivative of v**4/24 + 2*v**3/3 - 2*v**2. List the prime factors of q(z).
2
Suppose k - 3*l - 39 = -8*l, 0 = -3*k - l + 89. What are the prime factors of k?
29
Let m(x) = -38*x - 22. List the prime factors of m(-4).
2, 5, 13
Suppose 0 = -x + 17 + 30. Suppose 4*f - 9 = x. List the prime factors of f.
2, 7
Suppose 5*g - 1 = 109. What are the prime factors of g?
2, 11
List the prime factors of (1 - 44/3)*-6.
2, 41
Suppose 2*m - 96 = -2*m. Suppose 3*t - 4*g - 32 = -2*t, -m = -3*t + 4*g. List the prime factors of t.
2
Suppose -36 - 84 = -x. List the prime factors of x.
2, 3, 5
Let f = 26 + -17. What are the prime factors of (f - 1) + 3 + -2?
3
What are the prime factors of ((-33)/15)/((-5)/275)?
11
Let q(h) be the first derivative of h**3/3 - h**2/2 - 2*h + 3. Let x be q(3). List the prime factors of 204/8*x/6.
17
Suppose 5*j - 10 = 25. Suppose 0 = -g - 3*w - j, 8*g - 3*g + 5*w - 15 = 0. List the prime factors of g.
2
Let o = 101 + -45. What are the prime factors of (o/(-10))/((-14)/35)?
2, 7
Suppose 4*o - 2*y = 1042, 4*y + 1043 = 4*o + 3*y. List the prime factors of o.
3, 29
Let j = -163 - -267. List the prime factors of j.
2, 13
Let q = 115 - 38. What are the prime factors of 4/(-10) + q/5?
3, 5
Suppose -2*p = 36 - 538. List the prime factors of p.
251
Suppose 510 = 4*u + u. Suppose -u = -3*g + 2*n, -5 - 22 = -g + 3*n. What are the prime factors of g?
2, 3
Suppose -4*n - 1 - 4 = -s, -5*s = -5*n - 25. Let t be (-3)/(6/(-28) + n). Let q = t + -6. What are the prime factors of q?
2
What are the prime factors of (-4)/2 - 50/(-10)?
3
Let j = -1 - 13. Let g be (-4)/(-14) + 116/j. Let n = 19 + g. List the prime factors of n.
11
Let r be 1/2*(3 + 5). Suppose -r*v - v + 14 = -w, -5*v + 2 = 2*w. Let f = 6 + w. List the prime factors of f.
2
Suppose 3*k - 105 + 21 = 0. Let b = 40 - k. Suppose -h + b = h. What are the prime factors of h?
2, 3
Let d(k) = 3*k + 8. Let l be d(-4). What are the prime factors of -4*(0 - (-14)/l)?
2, 7
Suppose 0*j - 4*m = j - 4, 4*j = -4*m - 8. Let o(w) = 2*w**2 + 6*w + 5. What are the prime factors of o(j)?
13
Suppose 0 = -5*t + 420 + 350. What are the prime factors of t?
2, 7, 11
Let z be -2 + 5 + 0/(-1). Suppose -c - z*c + 96 = 0. List the prime factors of c.
2, 3
Let r(c) = 2*c - 7. Let g be r(7). Suppose g = x - 41. Suppose -x = -5*m + 47. List the prime factors of m.
19
Suppose 2*c = 7*c - 65. List the prime factors of c.
13
Let x = 8 - 9. What are the prime factors of (-10 - -3)*(x + -3)?
2, 7
Suppose -x = -4*b - 2*x + 244, b - 48 = 3*x. Let a = -42 + b. What are the prime factors of a?
2, 3
Suppose 4*r + 2*k - 6 - 8 = 0, k - 1 = -r. Suppose 0 = -5*j + 26 - r. Suppose -j*u - 2*y = y - 10, 0 = -3*y - 6. What are the prime factors of u?
2
Suppose 3*m = -5*c + 159, m - 23 - 30 = 5*c. List the prime factors of m.
53
Let i(u) = -u**2 + 4*u - 2. Let c be i(3). What are the prime factors of 36/5 + c/(-5)?
7
Let s = -8 - -4. Let t(l) = -l**2 - 2*l - 1. Let d be t(s). Let h = d - -20. What are the prime factors of h?
11
Let y(r) = 13 - 15 - r + 4*r**2 - 2*r. List the prime factors of y(-2).
2, 5
Suppose -2*f + 8 = 4*g, 2*f = 3*g - 8*g + 9. What are the prime factors of -12*f*2/(-12)?
2
Let q(y) = y + 7. Let m be q(8). Let o = -7 + m. List the prime factors of o.
2
Suppose 117 = -4*n - 19. Let x = 54 + n. What are the prime factors of x?
2, 5
Let t be (7 - 3)*10/8. Suppose -61 = -0*j - 2*j - t*b, 3*b = -5*j + 143. List the prime factors of j.
2, 7
Let l(n) = n**2 + 4*n 